 - 3*q**2 - 3*q - 1. Give z(-1).
0
Let b(s) = s**3 - 8*s**2 + 12*s + 2. Determine b(6).
2
Let s(n) = 11*n + 7. Calculate s(-4).
-37
Let u(t) = -t**3 + 7*t**2 - 8*t - 8. What is u(5)?
2
Let a(y) = -6*y - 51. Calculate a(-7).
-9
Let o(u) = -u**3 - 4*u**2 - 8*u - 22. Calculate o(-4).
10
Let l(t) = t**2 + 29*t - 96. What is l(-32)?
0
Let g(k) = -k**2 + 27*k - 155. Determine g(8).
-3
Let n(o) = -o**3 - 8*o**2 + 8*o - 14. What is n(-9)?
-5
Let b(h) = -11*h - 77. What is b(-7)?
0
Let d(x) = 2*x**3 + 10*x**2 - 7*x + 26. Determine d(-6).
-4
Let z(t) = 5*t - 45. Calculate z(3).
-30
Let k(m) = m**2 - 10*m + 22. Determine k(8).
6
Let p(r) = r**2 - 15*r - 30. Give p(13).
-56
Let f(g) = -g**2 - 16*g - 58. Calculate f(-8).
6
Let s(t) = t + 10. Give s(8).
18
Let w(m) = -3*m**2 - 51*m - 85. What is w(-15)?
5
Let c(l) = 7*l**2 + l - 1. Calculate c(-1).
5
Let n(k) = 7*k + 2. What is n(-5)?
-33
Let r(p) = 2*p + 47. What is r(-24)?
-1
Let o(n) = n**3 + 2*n**2 + 2*n - 1. Give o(-3).
-16
Let y(z) = -z**3 - 11*z**2 + 9*z - 34. What is y(-12)?
2
Let k(u) = 8*u - 21. Determine k(-8).
-85
Let x(j) = -j + 23. Determine x(10).
13
Let w(y) = 9*y + 37. Give w(-11).
-62
Let t(j) = -33*j. Give t(-1).
33
Let a(y) = 3*y + 15. Give a(-5).
0
Let v(l) = 5*l**3 - 25*l**2 + 7. Give v(5).
7
Let j(a) = 45*a + 175. Give j(-4).
-5
Let u(y) = -4*y + 10. Determine u(5).
-10
Let r(l) = 3*l**2 + 6*l + 9. Give r(-2).
9
Let i(u) = -5*u + 46. Determine i(7).
11
Let q(i) = -i + 15. Calculate q(-7).
22
Let z(o) = o**3 - 3*o**2 - 7*o - 1. Determine z(5).
14
Let i(r) = r**3 - 8*r**2 + 3*r - 12. Determine i(8).
12
Let k(p) = -p**3 + 2*p**2 + 4*p - 11. Give k(2).
-3
Let n(u) = -4*u - 8. Give n(7).
-36
Let k(t) = 285*t - 2280. What is k(8)?
0
Let d(o) = -o**3 + 9*o**2 + 10*o + 3. Give d(10).
3
Let m(s) = 12*s - 435. What is m(36)?
-3
Let h(b) = -3*b**2 + 5*b + 12. Give h(5).
-38
Let x(s) = -s**3 - 8*s**2 + 12*s + 7. Give x(-9).
-20
Let h(a) = -5*a**2 - a + 2. Calculate h(1).
-4
Let q(m) = -m**2 - 6*m - 8. Calculate q(-5).
-3
Let y(t) = t**3 - 9*t**2 + 9*t + 11. Calculate y(8).
19
Let u(c) = c**2 + 32*c + 66. What is u(-30)?
6
Let j(y) = -3*y + 4. Determine j(6).
-14
Let l(g) = 4*g**2 - 6*g - 6. What is l(-4)?
82
Let g(w) = w**3 - 4*w**2 + 3*w - 6. What is g(4)?
6
Let o(p) = -2*p**2 + 6*p - 5. Calculate o(4).
-13
Let d(b) = b**3 - 17*b**2 - 22*b + 11. Calculate d(18).
-61
Let o(w) = -4*w - 5. Calculate o(-2).
3
Let v(h) = 3*h + 95. What is v(-32)?
-1
Let l(d) = -d**3 + 8*d**2 + 8*d + 3. Calculate l(9).
-6
Let n(v) = -v**2 + 3*v - 10. Determine n(5).
-20
Let t(y) = y**3 - 17*y**2 + 21. Determine t(17).
21
Let u(j) = j**3 - 17*j**2 - j - 1. Give u(17).
-18
Let d(v) = v**2 - 4*v. Give d(3).
-3
Let p(a) = -a - 1. Determine p(-4).
3
Let y(x) = 2*x**2 + 49*x + 26. Give y(-24).
2
Let v(p) = -9*p + 18. Calculate v(2).
0
Let v(f) = -2*f**2 - 91*f + 56. What is v(-46)?
10
Let j(m) = 2*m**2 + 79*m - 122. What is j(-41)?
1
Let b(z) = z - 16. Give b(6).
-10
Let w(m) = -2*m**3 + 5*m**2 + 7*m + 2. Determine w(5).
-88
Let y(g) = 7*g + 2. Give y(-2).
-12
Let n(q) = q - 22. Determine n(-6).
-28
Let u(l) = 146*l - 1027. Give u(7).
-5
Let i(j) = j**2 - 10*j - 11. Calculate i(11).
0
Let x(c) = 37*c + 106. Determine x(-3).
-5
Let y(u) = -11*u - 63. What is y(-6)?
3
Let t(r) = -3*r**2 - 31*r - 30. What is t(-9)?
6
Let x(c) = 7*c**2. What is x(-1)?
7
Let q(z) = -z**2 + z + 16. Determine q(-4).
-4
Let a(j) = 8*j - 5. Give a(-2).
-21
Let r(u) = -u**2 - 2. Determine r(5).
-27
Let v(r) = -5*r - 2. Give v(-6).
28
Let f(s) = s**2 - 8*s - 4. Determine f(8).
-4
Let p(c) = c**3 + 9*c**2 + 14*c - 5. Determine p(-7).
-5
Let u(i) = -3*i**2 - 2*i + 6. What is u(4)?
-50
Let q(z) = -2*z**2 + z + 2. Determine q(4).
-26
Let g(l) = -2*l - 2. Determine g(-4).
6
Let m(p) = -2*p**3 + 27*p**2 - 15*p + 23. Give m(13).
-3
Let q(w) = -w**3 - 13*w**2 + 13*w - 26. Give q(-14).
-12
Let y(t) = -t**3 + 44*t**2 - 44*t + 41. Determine y(43).
-2
Let y(h) = -h**3 - 4*h**2 + 4*h - 5. Determine y(-4).
-21
Let b(k) = 2*k**2 - 5*k - 70. Determine b(7).
-7
Let h(i) = -i**2 + 13*i + 51. What is h(15)?
21
Let u(l) = 3*l**3 - 17*l**2 - 13*l + 31. Determine u(6).
-11
Let b(v) = 3*v - 21. Calculate b(6).
-3
Let j(u) = -u**3 - 5*u**2 + 9*u + 12. Determine j(-6).
-6
Let r(s) = -s - 18. Determine r(-8).
-10
Let w(f) = -6*f + 79. Determine w(14).
-5
Let h(z) = z**3 + z**2 - 4*z - 2. Determine h(-3).
-8
Let i(s) = s**2 + 17*s + 13. Determine i(-16).
-3
Let h(f) = -7*f - 5. What is h(-5)?
30
Let i(u) = u**2 - 36*u + 76. What is i(2)?
8
Let x(k) = -42*k + 4. Give x(3).
-122
Let b(j) = -j**3 - 5. What is b(0)?
-5
Let i(h) = 4*h - 16. Determine i(4).
0
Let x(f) = 5*f - 26. What is x(11)?
29
Let u(g) = 9*g - 2. What is u(4)?
34
Let w(m) = 2*m**2 - 12*m - 143. Calculate w(12).
1
Let d(g) = -2*g - 8. What is d(6)?
-20
Let z(h) = 2*h**2 - 9*h - 3. Give z(9).
78
Let k(t) = -t - 15. Determine k(-22).
7
Let t(z) = 2*z**2 - 16*z + 13. Determine t(8).
13
Let b(h) = 2*h + 10. Give b(6).
22
Let g(b) = b**3 + 12*b**2 - 12*b + 24. Determine g(-13).
11
Let y(f) = 9*f**2 + 7*f - 7. Determine y(1).
9
Let s(b) = -b**3 + 20*b**2 - 14*b - 104. Calculate s(19).
-9
Let l(f) = 3*f + 4. Give l(-3).
-5
Let f(c) = -c**3 + 15*c**2 - 14*c + 11. Calculate f(14).
11
Let m(a) = a**3 + 19*a**2 - 44*a - 65. Calculate m(-21).
-23
Let c(z) = -6*z + 1. Determine c(-5).
31
Let u(p) = -14*p - 468. Determine u(-33).
-6
Let r(p) = 2*p - 25. Determine r(11).
-3
Let u(b) = b**2 - 9*b - 8. What is u(9)?
-8
Let t(f) = f - 15. What is t(14)?
-1
Let q(i) = -9*i + 183. Calculate q(21).
-6
Let z(o) = o + 17. Give z(-18).
-1
Let n(t) = 7*t**2 + 1. What is n(-1)?
8
Let t(k) = -k**3 - 8*k**2 - 6*k + 9. What is t(-6)?
-27
Let a(p) = -p**3 + 6*p**2 - 7*p + 12. Give a(5).
2
Let c(q) = -2*q**3 + 3*q**2 - 7*q + 4. What is c(2)?
-14
Let c(y) = -13*y - 25. Determine c(-6).
53
Let r(m) = m**2 - 11. Calculate r(0).
-11
Let y(u) = -u**3 - 36*u**2 - 65*u + 103. Calculate y(-34).
1
Let g(f) = f + 13. What is g(13)?
26
Let i(r) = r**3 + 4*r**2 - 4. Determine i(-3).
5
Let q(k) = -4*k + 29. What is q(7)?
1
Let d(i) = -i**3 - 6*i**2 + 1. What is d(-7)?
50
Let r(j) = 5*j + 18. Give r(13).
83
Let y(d) = 7*d**2 + 10*d - 8. Calculate y(1).
9
Let o(w) = -3*w**2 - 3*w - 7. Calculate o(-2).
-13
Let b(y) = -3*y + 17. Determine b(10).
-13
Let w(o) = o**2 - 12*o - 2. Calculate w(12).
-2
Let l(b) = 5*b - 17. Calculate l(17).
68
Let a(t) = t**2 - 1. What is a(0)?
-1
Let k(w) = w**2 - 5*w - 19. What is k(8)?
5
Let d(k) = 3*k**2 - 19*k + 9. Calculate d(7).
23
Let h(j) = j**2 + 38*j - 197. What is h(5)?
18
Let x(w) = -w + 16. Determine x(-13).
29
Let p(g) = -g**3 - 19*g**2 - 34*g + 14. Determine p(-17).
14
Let r(c) = -c**3 + 5*c**2. Give r(5).
0
Let n(f) = -f + 12. Determine n(-2).
14
Let t(u) = 17*u + 10. Give t(-5).
-75
Let m(f) = -3*f**2 - 27*f - 51. Give m(-7).
-9
Let q(g) = -4*g**2 - g + 4. Calculate q(-5).
-91
Let u(k) = -k**3 - 20*k**2 - 38*k - 29. Calculate u(-18).
7
Let o(c) = 3*c + 19. Give o(-4).
7
Let r(g) = -2*g**3 - 12*g**2 - 12*g - 5. Determine r(-5).
5
Let n(b) = -b - 5. What is n(-7)?
2
Let u(l) = -2*l**2 + 9*l - 1. Determine u(5).
-6
Let k(h) = -3*h + 3. Determine k(-5).
18
Let u(t) = -t + 19. Give u(-13).
32
Let z(q) = 7*q**2 + 124*q - 33. Calculate z(-18).
3
Let d(k) = k**3 - 12*k**2 + 12*k - 15. Determine d(11).
-4
Let k(v) = -2*v**3 - 3*v**2 - v + 1. Calculate k(-2).
7
Let s(l) = -2*l**2 - l + 1. Determine s(3).
-20
Let p(y) = 5*y + 6. What is p(-7)?
-29
Let j(s) = -38*s**3 - 1. Determine j(1).
-39
Let z(t) = t**3 - 30*t**2 + 29*t + 7. Determine z(29).
7
Let k(y) = -21*y - 442. Determine k(-21).
-1
Let g(j) = j**3 + 6*j**2 + 4*j - 5. Determine g(-6).
-29
Let a(x) = x**3 + 2*x**2 - x - 2. What is a(-2)?
0
Let n(k) = k**3 - 18*k**2 + 34*k - 31. Determine n(16).
1
Let s(w) = -w**3 + 3*w**2 + 3*w. Determine s(3).
9
Let i(n) = -35*n + 233. Give i(6).
23
Let n(o) = o**2 + 8*o + 7. What is n(-6)?
-5
Let v(h) = 2*h**2 - 9*h + 1. What is v(6)?
19
Let i(d) = d**3 - 33*d**2 - 2*d + 64. Determine i(33).
-2
Let s(k) = -2*k**2 + 17*k - 20. What is s(7)?
1
Let n(q) = 3*q**2 + 22*q. What is n(-7)?
-7
Let g(f) = -f**3 - 11*f**2 + 10*f - 14. What is g(-12)?
10
Let m(k) = -3*k - 15. What is m(-4)?
-3
Let a(z) = -17*z - 5. Calculate a(-1).
12
Let l(